e (-4)/14 - (6003/21)/(-3). What is the greatest common factor of i and l?
19
Suppose -10*d - 701 + 7701 = 0. What is the greatest common factor of d and 70?
70
Let a(o) = o + 1. Let s be a(-6). Let x = s + 15. Let z = 25 - 0. Calculate the greatest common factor of z and x.
5
Let y = 19 - 17. Let m(h) = -1 - 2*h + 4*h**2 + 0*h + h**y - 4. Let b be m(5). Calculate the greatest common factor of b and 44.
22
Suppose 40*z - 71*z = -18662. Calculate the greatest common divisor of 7 and z.
7
Suppose 0*b + 2*b - z + 15 = 0, 2*b = -2*z - 30. Let n be 110/33*(-12)/b. What is the highest common factor of n and 4?
4
Let r(t) = -t**2 - 7*t - 4. Let q be r(-6). Suppose 10*k + 549 - 729 = 0. What is the greatest common divisor of q and k?
2
Let l(j) = -251*j**3 + j**2 + 2*j + 2. Let m be l(-1). Suppose -21*s + 18*s = -m. Calculate the greatest common divisor of s and 12.
12
Suppose -3*c - 4*g - 26 = 0, -3*g = -2*c - 6 - 0. Let b(z) = z + 9. Let f be b(c). Let s = -3 - -6. What is the highest common factor of f and s?
3
Suppose -5*d = 4*b - 1566, 8*d - 5*d - b = 926. What is the highest common factor of d and 217?
31
Suppose -3*f + 3*k = 5*k + 5, -2*f + 5*k = -22. Let t be 1*95/38*(f + 3). What is the greatest common divisor of t and 30?
10
Let f(y) = -3*y - 24. Let t be f(-10). Calculate the highest common divisor of t and 21.
3
Let a be (-1 - 23)/(4/(-10)). Calculate the greatest common divisor of a and 18.
6
Let w(b) = -112*b - 105. Let h be w(-6). What is the highest common factor of h and 9?
9
Suppose 2*r - 38 = -5*v - r, -2*v + r = -13. Calculate the greatest common divisor of 154 and v.
7
Let c = -220 + 221. Suppose -s + 12 = s. Let x be (-63)/s*(-7 - c). What is the highest common factor of 12 and x?
12
Suppose -12*s + 303606 = 89*s. What is the greatest common factor of 9 and s?
9
Suppose -25*j = 153 - 528. Let l(s) = -8*s + 1. Let r be l(-3). Let i = r - j. What is the greatest common factor of 2 and i?
2
Let r(g) = -16*g + 11. Let v be r(-5). Suppose -2*c - 5*l = -0*c - 26, 4*c = -5*l + 52. Calculate the greatest common factor of c and v.
13
Let k = 639 + -635. Calculate the highest common divisor of 12 and k.
4
Let o(j) = 6*j - 6. Let d be o(1). Suppose -5*r + 14*r - 405 = d. Calculate the highest common factor of r and 15.
15
Let g = 45 + -27. Let t be (8/16)/(1/g). Calculate the greatest common factor of 18 and t.
9
Let s be ((-32)/3)/16*(0 + -27). Calculate the greatest common divisor of 1080 and s.
18
Let h be (10 + -8)*(-1 - -2). Suppose -h + 52 = 10*p. Calculate the greatest common factor of p and 2.
1
Let v be 2/(1/(-1)) + 4. Suppose 2*f + 532 = 4*w, 5*w - v*f - 668 = 2*f. What is the greatest common factor of 12 and w?
12
Let k(l) = -2*l**2 - 15*l - 1 - 1 - 3. Let t be k(-6). Let f(b) = -36*b - 4. Let j be f(-3). Calculate the highest common divisor of t and j.
13
Suppose -70 = -19*l + 5*l. Let r(g) = 2*g**2 + 3*g - 4. Let d be r(-3). Calculate the greatest common divisor of d and l.
5
Let c = -147 - -157. Suppose -6 = -2*d, -2*n - d + 15 - 4 = 0. Suppose -n*m - 90 = -c*m. Calculate the highest common divisor of 165 and m.
15
Suppose 2*r - 192 = -2*z, -5*z + 60*r - 61*r + 468 = 0. What is the greatest common divisor of 248 and z?
31
Let h(l) = 7*l**2 + 3*l + 5*l**3 - 1 - 4*l**3 - 12*l. Let p be h(-7). Calculate the greatest common factor of p and 155.
31
Let k = -231 + 243. What is the greatest common divisor of 78 and k?
6
Let f = -163 - -569. What is the greatest common factor of 58 and f?
58
Let p = -124 - -238. Calculate the highest common divisor of 171 and p.
57
Suppose 16 - 6 = 2*t. Let z(r) = 2*r + 20. Let k be z(-9). Suppose 0*c = -t*i + c + 160, 0 = -3*i + k*c + 96. Calculate the highest common divisor of 80 and i.
16
Let p = 15 + -8. Suppose -3*h + 4 = h. Calculate the greatest common factor of h and p.
1
Let b = 4875 + -4512. Let n = -77 + 110. Calculate the greatest common divisor of n and b.
33
Suppose -9*p + 63 = -2*p. Let q be (-20)/(-8) + 3/6 + 60. Calculate the highest common divisor of p and q.
9
Let c be (99/66)/(3/140). Let m(p) = -31*p - 11. Let a be m(-6). What is the greatest common factor of a and c?
35
Let b(v) = v**2 - 2*v - 6. Let i be b(-4). Let c(x) = -6*x + 279. Let q be c(42). What is the greatest common divisor of q and i?
9
Let v be (-173)/3 - 2/(-3). Let k = v + 81. Calculate the highest common factor of k and 264.
24
Let u(h) = h**2 - 22*h - 18. Let w be u(23). Calculate the highest common factor of 15 and w.
5
Let m(v) = v**2 - 6*v + 3. Suppose -2*p + 3 = 3*g, 0*g + 4*g = -3*p + 6. Let l be m(p). Let h be -1 - (4*8)/(-2). What is the highest common divisor of h and l?
3
Suppose -2*b = 2*b + 140. Let g = b + 53. What is the highest common factor of 2 and g?
2
Let q(y) = y**3 - 5*y**2 - 5*y + 3. Let c be (1 - (-18)/(-10))/(12/(-90)). Let f be q(c). What is the greatest common divisor of 18 and f?
9
Let l = 86 - 37. Let g(a) be the third derivative of -a**5/60 + 7*a**3/6 - 4*a**2. Let s be g(0). Calculate the highest common factor of s and l.
7
Let q be 442/7 - ((-2)/7)/(-2). Let z = q + -54. Suppose 4*m + m - x - 138 = 0, -4*x + 96 = 4*m. What is the highest common factor of z and m?
9
Let z be -126 + 121 + (25 + -1 - 1). Calculate the highest common factor of z and 192.
6
Let h = -357 - -381. Calculate the greatest common factor of h and 108.
12
Let l(u) = -u**3 + 14*u**2 + 29*u - 35. Let t be l(15). What is the highest common divisor of 35 and t?
35
Let x = -460 + 684. What is the greatest common factor of x and 21?
7
Let x be (48/10)/((-7)/(-35)). Suppose 2*p - x = -4*p. Let t = 16 - p. Calculate the highest common factor of t and 96.
12
Suppose -392 = -4*q + 2*q. Let t be 372/(-10) + (-3)/(-15). Let v = 65 + t. What is the highest common divisor of q and v?
28
Let x = -1419 - -1432. Let r(c) = 2*c**2 - 3*c + 4. Let k be r(3). What is the greatest common divisor of k and x?
13
Let l be (-12)/(-8)*(1 - -1). Let v = 0 + l. Suppose 2*q = q + 12. What is the greatest common factor of q and v?
3
Let a = 4 - -1. Suppose -31*n + 1 = -743. Suppose -a*k = -n - 11. What is the greatest common divisor of 63 and k?
7
Let a = 33 - 31. Suppose a = w - v - 10, 2*w - v = 24. Calculate the greatest common divisor of w and 30.
6
Let c be 5930/11 - 5/55. Calculate the highest common factor of c and 49.
49
Suppose -m + 5 + 4 = 0. Suppose -m + 19 = c. Suppose -c + 6 = -n. What is the highest common factor of n and 10?
2
Let l(u) = -u**3 + 11*u**2 + 18*u - 11. Let s be l(13). Let z = -79 - s. Suppose 0 = -w + 12 - 0. What is the highest common divisor of z and w?
12
Suppose -l = 4*c - 1885, 4*l - 1875 = -4*c + 5*l. Calculate the highest common divisor of c and 10.
10
Let a be (((-30)/4)/1)/(2/(-12)). Let h = a + -39. Calculate the greatest common factor of h and 6.
6
Let t be (-2)/(-6)*13*(66 - 33). Calculate the highest common factor of 13 and t.
13
Suppose 39*v - 2333 = 5467. What is the highest common factor of 225 and v?
25
Suppose 49 = 8*w - w. Suppose 168 = 4*b - 28. What is the highest common factor of w and b?
7
Let s be (-11 + 94)*(1 + 12*4). Calculate the greatest common divisor of s and 83.
83
Let a = 18 + -4. Suppose 3*j + a = 26. Calculate the highest common divisor of j and 4.
4
Let o(a) = a**2 - 15*a - 8. Let t(n) = 17*n**2 + n - 2. Let b be t(1). Let c be o(b). What is the highest common divisor of 12 and c?
4
Suppose 9*m = -0*m - m. Suppose -15*j + 9*j + 1386 = m. Calculate the greatest common divisor of j and 21.
21
Suppose -21 = -5*x - 6, -6261 = -5*p + 3*x. Calculate the highest common factor of p and 11.
11
Suppose -l - 1310 = -3*l - 3*q, 4*l + q - 2600 = 0. What is the greatest common divisor of 11 and l?
11
Let f(p) = -2*p**3 - 10*p**2 + 27*p + 14. Let u be f(-7). What is the greatest common divisor of u and 7?
7
Let p = -2 - -6. Suppose -11 = -x - 1. Let z be -2 + 0 - (7 - x). What is the highest common divisor of p and z?
1
Let g(a) = 10*a - 1. Let n be g(1). Suppose -256 = -4*z + 4*l, -4*l - 67 = 24*z - 25*z. What is the greatest common divisor of z and n?
9
Let r(j) = j + 1. Let f be r(0). Suppose -f + 86 = 5*u. Suppose -4*g = -3 - u. What is the highest common factor of 2 and g?
1
Let z(d) = -2*d + 22. Let b be z(10). Suppose -b*h + 4*q - 3*q = -41, 3*h + 2*q - 72 = 0. What is the greatest